rime factors of 4235203.
7, 313, 1933
List the prime factors of 414103.
17, 24359
List the prime factors of 56361.
3, 18787
What are the prime factors of 13617639?
3, 7, 47, 73
List the prime factors of 14149.
14149
List the prime factors of 6215922.
2, 3, 345329
List the prime factors of 19886462.
2, 653, 15227
List the prime factors of 174098.
2, 87049
List the prime factors of 10576818.
2, 3, 7, 3109
What are the prime factors of 13871423?
13871423
What are the prime factors of 5139041?
37, 138893
What are the prime factors of 1855204?
2, 13, 35677
What are the prime factors of 165576?
2, 3, 6899
What are the prime factors of 347290?
2, 5, 34729
List the prime factors of 1215989.
149, 8161
List the prime factors of 598209.
3, 199403
List the prime factors of 135205.
5, 7, 3863
List the prime factors of 68892.
2, 3, 5741
List the prime factors of 1190511.
3, 7, 6299
What are the prime factors of 1040480?
2, 5, 7, 929
List the prime factors of 17973307.
11, 53, 30829
What are the prime factors of 550206?
2, 3, 23, 443
List the prime factors of 68931.
3, 23, 37
List the prime factors of 1019292.
2, 3, 29, 101
What are the prime factors of 1105097?
7, 19, 1187
What are the prime factors of 17268024?
2, 3, 521, 1381
What are the prime factors of 201753?
3, 29, 773
What are the prime factors of 16441883?
839, 19597
What are the prime factors of 333271?
333271
List the prime factors of 23520017.
23520017
What are the prime factors of 389343?
3, 233, 557
What are the prime factors of 3389381?
3389381
What are the prime factors of 877549?
211, 4159
List the prime factors of 30902.
2, 15451
List the prime factors of 6825597.
3, 2275199
What are the prime factors of 4647658?
2, 97, 23957
What are the prime factors of 200642?
2, 13, 7717
What are the prime factors of 118836?
2, 3, 3301
List the prime factors of 1583886.
2, 3, 277, 953
What are the prime factors of 1881322?
2, 17, 55333
What are the prime factors of 15961347?
3, 591161
What are the prime factors of 10481140?
2, 5, 524057
List the prime factors of 344191.
491, 701
List the prime factors of 63069.
3, 21023
What are the prime factors of 300946?
2, 150473
List the prime factors of 1935302.
2, 19, 50929
List the prime factors of 3250697.
29, 197, 569
What are the prime factors of 326319?
3, 7, 41, 379
What are the prime factors of 405614?
2, 11, 103, 179
List the prime factors of 1025747.
1025747
What are the prime factors of 4449264?
2, 3, 92693
List the prime factors of 1920192.
2, 3, 73, 137
What are the prime factors of 18714954?
2, 3, 1019, 3061
What are the prime factors of 3636366?
2, 3, 331, 1831
What are the prime factors of 979490?
2, 5, 41, 2389
List the prime factors of 489328.
2, 7, 17, 257
What are the prime factors of 5238258?
2, 3, 873043
What are the prime factors of 835611?
3, 7, 39791
What are the prime factors of 16808080?
2, 5, 210101
List the prime factors of 772150.
2, 5, 15443
What are the prime factors of 268230?
2, 3, 5, 8941
What are the prime factors of 601605?
3, 5, 29, 461
List the prime factors of 340265.
5, 68053
What are the prime factors of 1396796?
2, 349199
List the prime factors of 588216.
2, 3, 24509
List the prime factors of 2674072.
2, 23, 14533
List the prime factors of 1936804.
2, 484201
List the prime factors of 1290247.
7, 184321
List the prime factors of 7407685.
5, 1481537
What are the prime factors of 41965486?
2, 17, 347, 3557
List the prime factors of 1377156.
2, 3, 11, 10433
List the prime factors of 3222996.
2, 3, 7, 17, 37, 61
List the prime factors of 1164579.
3, 13, 2297
What are the prime factors of 1988228?
2, 11, 73, 619
List the prime factors of 131138.
2, 7, 17, 19, 29
List the prime factors of 4040486.
2, 2020243
List the prime factors of 566131.
566131
What are the prime factors of 2355660?
2, 3, 5, 23, 569
List the prime factors of 1216749.
3, 239, 1697
What are the prime factors of 105224?
2, 7, 1879
What are the prime factors of 2104778?
2, 13, 80953
What are the prime factors of 2154259?
2154259
What are the prime factors of 1459341?
3, 13, 12473
What are the prime factors of 9617560?
2, 5, 29, 8291
List the prime factors of 329092.
2, 29, 2837
List the prime factors of 8652290.
2, 5, 293, 2953
What are the prime factors of 184281?
3, 19, 53, 61
What are the prime factors of 632589?
3, 37, 41, 139
What are the prime factors of 725385?
3, 5, 37, 1307
What are the prime factors of 2197691?
59, 193
What are the prime factors of 1960481?
1960481
What are the prime factors of 12096818?
2, 6048409
List the prime factors of 2179869.
3, 726623
List the prime factors of 4855448.
2, 13, 46687
List the prime factors of 29918.
2, 7, 2137
List the prime factors of 718758.
2, 3, 73, 547
What are the prime factors of 5496357?
3, 1832119
What are the prime factors of 1169403?
3, 107, 3643
What are the prime factors of 9253465?
5, 13, 29, 4909
What are the prime factors of 797934?
2, 3, 132989
List the prime factors of 1849142.
2, 227, 4073
What are the prime factors of 14236858?
2, 199, 35771
List the prime factors of 42323053.
42323053
What are the prime factors of 677935?
5, 41, 3307
List the prime factors of 2254076.
2, 11, 51229
List the prime factors of 132229.
132229
What are the prime factors of 219529?
219529
List the prime factors of 1066560.
2, 3, 5, 11, 101
List the prime factors of 18721135.
5, 3744227
What are the prime factors of 197470?
2, 5, 7, 13, 31
List the prime factors of 351433.
457, 769
What are the prime factors of 890955?
3, 5, 13, 1523
What are the prime factors of 5192451?
3, 11, 17483
What are the prime factors of 2321345?
5, 13, 71, 503
What are the prime factors of 481376?
2, 7, 307
What are the prime factors of 1709308?
2, 427327
What are the prime factors of 116235?
3, 5, 7, 41
What are the prime factors of 322509?
3, 11, 29, 337
List the prime factors of 190312.
2, 23789
What are the prime factors of 582526?
2, 7, 41609
What are the prime factors of 478152?
2, 3, 29, 229
List the prime factors of 1001619.
3, 37097
List the prime factors of 590562.
2, 3, 7, 43, 109
What are the prime factors of 102915?
3, 5, 2287
What are the prime factors of 187197?
3, 23, 2713
List the prime factors of 8065366.
2, 4032683
What are the prime factors of 1476434?
2, 738217
What are the prime factors of 19556?
2, 4889
List the prime factors of 516205.
5, 17, 6073
List the prime factors of 7587646.
2, 11, 344893
What are the prime factors of 232987?
232987
What are the prime factors of 160339?
109, 1471
List the prime factors of 187558.
2, 7, 13397
What are the prime factors of 1590404?
2, 23, 59, 293
What are the prime factors of 613463?
613463
List the prime factors of 74546.
2, 37273
What are the prime factors of 7785997?
7785997
What are the prime factors of 591095?
5, 118219
List the prime factors of 1950556.
2, 337, 1447
What are the prime factors of 330492?
2, 3, 27541
List the prime factors of 441554.
2, 23, 29, 331
What are the prime factors of 14864?
2, 929
What are the prime factors of 118612?
2, 13, 2281
What are the prime factors of 196224?
2, 3, 7, 73
What are the prime factors of 70010?
2, 5, 7001
What are the prime factors of 1315588?
2, 328897
What are the prime factors of 1152867?
3, 384289
What are the prime factors of 1139800?
2, 5, 41, 139
List the prime factors of 3693846.
2, 3, 13, 23, 29, 71
What are the prime factors of 114048?
2, 3, 11
List the prime factors of 6980864.
2, 11, 37, 67
List the prime factors of 3990611.
101, 39511
What are the prime factors of 1134161?
7, 29, 37, 151
What are the prime factors of 40273926?
2, 3, 7, 11, 179, 487
List the prime factors of 3807144.
2, 3, 11, 19, 23
List the prime factors of 372943.
372943
List the prime factors of 24494025.
3, 5, 17, 19211
What are the prime factors of 964700?
2, 5, 11, 877
List the prime factors of 1273308.
2, 3, 106109
What are the prime factors of 4029131?
4029131
What are the prime factors of 109108?
2, 27277
List the prime factors of 918004.
2, 19, 47, 257
List the prime factors of 1517337.
3, 53, 3181
What are the prime factors of 1185878?
2, 592939
What are the prime factors of 265224?
2, 3, 43, 257
What are the prime factors of 281315?
5, 56263
What are the prime factors of 863344?
2, 53959
What are the prime factors of 5498774?
2,